What is the remainder when b is divided by 21?
20
Let r be (-4)/5*(-5)/2. Suppose l - 5*l = -420. Suppose 3*h + k - 203 = -h, -3*k = -r*h + l. What is the remainder when h is divided by 26?
25
Let p(f) = f**2 - 4*f + 5. Let u be p(4). Let d = u + -4. What is the remainder when (-16)/d*90/(-40) is divided by 13?
10
Suppose -l = -6*s + 7*s - 14, 0 = -s + 1. What is the remainder when l is divided by 1/(-2)*-6 - -1?
1
Suppose 57 = -2*q + 3*t, -2*t - 6 = q + 26. Let w = -21 - q. What is the remainder when w is divided by 6?
3
Suppose -2644*z + 2637*z = -637. Let y(s) = s**2 + 3*s - 9. What is the remainder when z is divided by y(-7)?
15
Let w = -35 + 52. What is the remainder when w is divided by 11?
6
Suppose -d + 8 = a, 2*a - d - 20 + 4 = 0. Let x(h) = 5*h - 23. What is the remainder when x(a) is divided by 5?
2
Let i be -4 + 5/10*6. Let l(m) = -11*m**3 - 2*m**2 - 3*m - 2. Calculate the remainder when 38 is divided by l(i).
8
Suppose -212 = 30*l - 6062. What is the remainder when l is divided by 25?
20
Let v be -30*((-176)/10)/(-4). Let j = v - -223. Let d(i) = -143*i + 889. Calculate the remainder when j is divided by d(6).
29
Suppose -t = -3*n - 1478, -4923 - 925 = -4*t - 4*n. What is the remainder when t is divided by 13?
10
Let c(i) = 27*i + 411. What is the remainder when 837 is divided by c(-13)?
57
Suppose -149*w = -176*w + 189. Calculate the remainder when 257 is divided by w.
5
Calculate the remainder when 1 + (-4 + 1094)/5 is divided by 16.
11
Let j(x) = -59*x + 424. Calculate the remainder when 116 is divided by j(7).
6
What is the remainder when 6/(-18) + (-572)/(-6) is divided by 10?
5
Let r(n) = -n**3 + 2*n**2 + 27. Calculate the remainder when r(-5) is divided by 196.
6
Let w be 14/(-49) - (-474)/(-7). What is the remainder when 25 is divided by 21/(-35) - w/5?
12
Suppose 3*c + 5*i + 3 + 8 = 0, 3*i + 9 = -c. Suppose -c*t + 585 = 3*y, -4*y - 3*t = -t - 780. Calculate the remainder when y is divided by 33.
30
Suppose 4*c + 2*o = 76, -2*c - 3*c + 5*o = -125. Suppose -160 = -2*k - 2*k. Calculate the remainder when k is divided by c.
19
Suppose -15 = -3*s - 2*s - 5*o, -15 = -2*s - 5*o. Let k be ((-2)/4)/((-1)/2). Calculate the remainder when (k - s)*-1 - -6 is divided by 2.
1
Suppose -8*l + 17 = -4*l + 3*j, -4*l + j = -21. Suppose 15*n - l*n = 710. Calculate the remainder when n is divided by 37.
34
Suppose i - 220 = -2*s, -12*i = -16*i + 3*s + 924. What is the remainder when i is divided by 58?
54
Let s(o) = -2*o - 12. Let v be s(-6). Let q = -6 - v. Calculate the remainder when 5 + q/2 - -32 is divided by 12.
10
Let d = 28 + -34. Let j(h) = -h**3 - 6*h**2 - 5*h - 6. What is the remainder when 70 is divided by j(d)?
22
Let x(b) = 61*b**2 - b - 1. Let p be x(-1). Suppose j - 20 = 2*q, 2*j = -4*q + q + p. Calculate the remainder when 49 is divided by j.
23
Let h(q) = q**3 - 5*q + 5. Suppose 3*x - 273 = -3*f, -2*f + 36 = 3*x - 142. What is the remainder when f is divided by h(4)?
46
Let g(f) = -f**3 + 8*f**2 + 7*f - 52. Calculate the remainder when 100 is divided by g(4).
20
Suppose -74*b = -138*b + 768. What is the remainder when 154 is divided by b?
10
Let f = 8 - 0. Suppose 3*j - f = -j. Suppose j*s + 60 = 4*s. Calculate the remainder when s is divided by 16.
14
Suppose 4*m + 21 - 141 = 0. What is the remainder when m is divided by 6?
0
What is the remainder when 345 is divided by (-24)/(-9)*((-178)/(-4) - 4)?
21
Let m = 2895 + -2634. Calculate the remainder when m is divided by 39.
27
Let f(o) = -o**2 - 10*o - 3. Let c(u) = -1. Let w(h) = 3*c(h) + f(h). Let b be w(-9). Let r(y) = 19*y - 7. What is the remainder when r(b) is divided by 17?
16
Suppose 415 = 28*q - 789. Calculate the remainder when q is divided by 15.
13
Suppose -2*m - 2 = 0, 0*d - 2*m - 15 = -d. Suppose 5*f = 10*f - 40. Calculate the remainder when d is divided by f.
5
Suppose 0 = -0*q - 5*q + 15. Let t(i) = -4*i**2 + i - 9. Let s(p) = p**2 - p + 1. Let d(m) = -5*s(m) - t(m). What is the remainder when 19 is divided by d(q)?
5
Suppose -b = 5*c - 4 - 12, -4 = 4*c. Calculate the remainder when (-31)/1*2*-2 is divided by b.
19
Let n = -1471 - -1483. Let b(a) be the third derivative of -a**6/30 - a**4/24 + a**2. Calculate the remainder when n is divided by b(-1).
2
Suppose 0 = -11*x - x + 708. Calculate the remainder when 235 is divided by x.
58
Suppose 3*t + 8 = 5*t. Suppose -t*d + 42 = -46. Calculate the remainder when 63 is divided by d.
19
Let t = -2 + 6. Let y = -572 - -580. What is the remainder when y is divided by t?
0
Suppose 2*v + 40 = 3*f, 2*v - 37 = -4*f - 7. Calculate the remainder when 56 is divided by (3/(-2))/((-1)/f).
11
Suppose 19 + 101 = 5*r. Suppose 472 = 12*j - 1244. Calculate the remainder when j is divided by r.
23
Suppose -211*g + 372 = -205*g. Calculate the remainder when 429 is divided by g.
57
Let c = 91 - 63. Suppose -662 - c = -23*s. What is the remainder when 88 is divided by s?
28
Suppose 5*b = 5 + 20, 98 = 3*n - 2*b. What is the remainder when 970 is divided by n?
34
What is the remainder when 183/6 + (-45)/(-30) is divided by 17?
15
Let a be 2 - (-2 - -4)/1. Let p(i) = i**2 + i + 68. What is the remainder when p(a) is divided by 20?
8
Let x(p) = 15*p**2 - 2*p - 2. What is the remainder when 162 is divided by x(-1)?
12
Suppose 3*h = h. Let i be 1 + (h - (5 + -3)). Let q(o) = -6*o**3 - 2*o**2 + 1. Calculate the remainder when 8 is divided by q(i).
3
Let t(n) = 6*n**2 + 37*n + 256. What is the remainder when t(-6) is divided by 28?
26
Let i(s) = 2*s**2 + 3*s + 2. Suppose 2*l + 50 = -2*u, -41 - 15 = 2*u - l. Let t = 33 + u. Calculate the remainder when i(-3) is divided by t.
5
What is the remainder when -75*(-2)/3 - 4 is divided by 44?
2
Let h(g) = 207*g - 617. Calculate the remainder when 569 is divided by h(3).
1
What is the remainder when -60 - -49 - (-204)/1 is divided by 102?
91
What is the remainder when 519 is divided by (12/(-9))/(4 - (-242)/(-60))?
39
Let p(u) = -u - 1. Let n = 144 - 140. Suppose -3*o - 5*k = 2*o - 15, 0 = n*o - 2*k - 12. What is the remainder when o is divided by p(-2)?
0
Let a(m) = 3*m**2 - 3 - 2*m**2 + 0*m**2 - 4*m. Let x(r) = r**2 + 50*r + 146. Let z be x(-47). Calculate the remainder when 5 is divided by a(z).
1
Suppose -442 = -1758*t + 1756*t. Calculate the remainder when t is divided by 6.
5
Suppose 909 = 3*z - y + 236, -2*z + 4*y + 432 = 0. Calculate the remainder when z is divided by 46.
42
Suppose -2*a + 85 = 5*f, -f + 6*f = 15. Calculate the remainder when 79 is divided by a.
9
Suppose -1359 = -16*h + 2257. What is the remainder when h is divided by 39?
31
Suppose -4*i = -2*i + 8, -i = 5*h - 11. Suppose -2*u + 98 - 19 = 3*a, 0 = h*a - 15. Suppose 2*z - 7 - 15 = 0. Calculate the remainder when u is divided by z.
10
Suppose -4*q + 60 = -2*q. Let c = 16 - -5. Let k = q - c. What is the remainder when k is divided by 3?
0
Let g be (1 + -12)*(-16 + 15). Suppose 67 - g = 2*r. Calculate the remainder when 54 is divided by r.
26
Suppose 7*q - 17 = 2*q - 2*x, 3*q = -2*x + 11. Suppose q*z + 11 - 5 = 4*n, -z - 7 = -3*n. What is the remainder when 4 is divided by z?
0
Let t = 35 - 15. Let g be (-16)/t*65/(-2). Let w = g - 18. What is the remainder when w is divided by 2?
0
Suppose 6*g = -0 - 18. Let b = -7 + 24. Calculate the remainder when (-22)/66 + (-97)/g is divided by b.
15
Suppose b = 3*b - 4*d, -3*d = -6. Let u(v) = v**3 + 10*v**2 + 9*v + 9. Calculate the remainder when u(-9) is divided by b.
1
Suppose 3*k - 6 - 12 = 0. Suppose 0 = -2*s + k - 0. Calculate the remainder when 22 is divided by s.
1
Let d(c) = c**3 - 2*c**2 - 15*c + 571. Calculate the remainder when d(0) is divided by 32.
27
Calculate the remainder when (-172)/(-2) - (12 + 4 - 11) is divided by 74.
7
Let w(n) = -3*n + 15 + 3*n + 4*n + n**2. Let c = -14 - -8. What is the remainder when w(c) is divided by 15?
12
Suppose 3*w - 22 = 2*n + 60, -5*n - 10 = -w. Calculate the remainder when 177 is divided by w.
27
Suppose 2*p + 277 = 5*p - 4*n, -3*p + 3*n = -282. Calculate the remainder when (p/(-5))/((-14)/70) is divided by 17.
14
Suppose 0 = p - j - 7, 4*j = 3*p + 2*p - 34. Suppose f + 2 = -l, f - l + 0 = p. Suppose -f*g + 105 = 3*g. Calculate the remainder when g is divided by 11.
10
Let s(u) = 20*u + 3. Let o be s(3). Let x = o + -13. What is the re